visor of g and b?
5
Suppose 0 = 2*j - 3*j. Suppose j = 4*u - 249 - 135. Let l be (1/(-1))/(2/(-32)). What is the highest common divisor of l and u?
16
Suppose -5*x = 3 - 13. What is the highest common divisor of x and 1?
1
Suppose 3*p - 23 - 43 = 0. Calculate the greatest common divisor of 44 and p.
22
Let b be 2/(-2) - (-2 + -6). What is the highest common divisor of 35 and b?
7
Let v = -21 - -28. Suppose 6*u - v*u = -12. Calculate the highest common divisor of 72 and u.
12
Let x(t) = 2*t + 14. Let i be x(5). Calculate the highest common factor of i and 60.
12
Suppose 2*r = -5*q + 44, -r = -q - 0*q + 13. Calculate the greatest common factor of 60 and q.
10
Suppose 12 = 2*h - 2*z, 4*h - 2*z = -0*h + 20. What is the greatest common divisor of h and 8?
4
Let b(z) = -z**3 + 8*z**2 - 9*z + 2. Let q be b(6). Calculate the highest common divisor of 30 and q.
10
Suppose 0 = a - 0 - 90. Calculate the greatest common divisor of a and 10.
10
Suppose 0 = -3*l - 3, 69 = 2*h - h - 5*l. What is the greatest common divisor of h and 8?
8
Suppose g + 5*r - 13 = 0, 1 = -5*r + 11. Suppose g - 6 = -i. Let u(h) = -h**3 + 8*h**2 - 8*h + 6. Let s be u(6). Calculate the highest common factor of s and i.
3
Let l = 73 - 41. Let h = l + -8. Calculate the highest common factor of 60 and h.
12
Let h(u) = -51*u**3 + u**2 + 7*u + 2. Let o be h(-2). What is the highest common divisor of o and 50?
50
Let w be (0/(-2))/(-1 - 0). Let z(f) = w - 4*f + 1 + 1 + 19*f**2. Let t be z(2). What is the highest common divisor of 10 and t?
10
Suppose -6*f + 48 = -240. Calculate the highest common divisor of f and 12.
12
Suppose -u - 308 = -15*u. What is the greatest common divisor of 2 and u?
2
Let z(c) = -c**3 + c**2 + 4*c + 5. Let h be z(-2). What is the highest common divisor of 9 and h?
9
Let m(y) = -y - 6. Let s be m(-9). Suppose s*a = 39 - 9. Suppose -3*t + 3 + 9 = 0. Calculate the greatest common divisor of a and t.
2
Suppose -4*a + 15 = -3*n, 2*a - n + 2 - 9 = 0. Let w be 95/5 + (-6)/a. Calculate the highest common divisor of w and 17.
17
Suppose -37 = -5*z + 93. What is the highest common divisor of z and 39?
13
Let o(u) = -u**3 - u**2 + 3*u. Suppose 3 = 3*s + 15. Let v be o(s). What is the highest common divisor of 12 and v?
12
Suppose q - 1 = -x, -4*q + 9 = -3*x - 2. Suppose -q*k + 2*l = -l - 283, 4 = 4*l. What is the greatest common factor of k and 13?
13
Suppose 5*r = 5*y + 30, -5*r - 5*y - 14 = 6. What is the greatest common factor of 9 and r?
1
Let g(r) = 22*r - 20. Let n be g(5). What is the highest common divisor of n and 15?
15
Let b(o) = 15*o**2 - 4*o - 1. Let x be b(-4). Suppose 0 = -m - 2*m + x. Calculate the highest common divisor of m and 34.
17
Let p be (12/30)/(2/180). Let z be 27/p - 170/(-8). Calculate the greatest common factor of 154 and z.
22
Suppose -2*u = -3*u - 4*d + 167, 0 = 5*u - 4*d - 715. What is the greatest common divisor of 21 and u?
21
Suppose -1 = 3*p - 10. Suppose p*q = 4*a - 109, -25 = -5*a + q + 114. Let i be 20/(1 + (-5)/7). Calculate the greatest common divisor of i and a.
14
Let g(s) = 9*s - 18. Let o be g(5). Calculate the greatest common divisor of o and 36.
9
Let x = 31 - 17. Suppose -5*q + 8 = 2*f - 3*q, 0 = 3*q - 6. Calculate the highest common factor of f and x.
2
Let u(s) = 41*s - 1. Let h be u(3). Let o = h - 59. Calculate the highest common factor of o and 7.
7
Suppose -21 = 3*x - 6*x. Let l = x + -7. Suppose -10 = -5*i, l*n + 66 = 5*n - 2*i. What is the highest common factor of n and 35?
7
Suppose 9 = 4*r - 71. What is the greatest common factor of 20 and r?
20
Suppose -4*t + 2 = 5*k, 0 = -3*t - t - 8. Calculate the highest common factor of 8 and k.
2
Let y be (-7 - -4)*(-4 + 0). What is the highest common factor of y and 84?
12
Let r be -1*3 - (-3 - 9). Let k be 53/3 + 3/r. What is the greatest common divisor of 18 and k?
18
Let x be (2/(-6))/(2/(-12)). Let l be 2/(x - (-36)/(-21)). Calculate the greatest common factor of l and 77.
7
Suppose 2*t + 4*d + 246 = 4*t, 5*d = -5*t + 630. Calculate the greatest common divisor of t and 50.
25
Let y(k) = k**2 + k + 10. Let r be y(0). Suppose -8 = -x + 17. Calculate the highest common divisor of r and x.
5
Let u(d) = 4*d + 3. Let b be u(6). Suppose k = -2*k + b. Let f be 3/(0 + (-2)/(-30)). Calculate the greatest common factor of k and f.
9
Let i be (-2 + 1)/(27/(-297)). What is the greatest common factor of 1 and i?
1
Let z be (14/(-6))/((-3)/36). Let k = 1 + 7. Suppose -6*q + k*q - 28 = 0. What is the greatest common factor of q and z?
14
Let z be ((-10)/15)/(1/(-3)). Suppose -z*g - 2*g = -440. Let m(s) = s**2 - 2*s - 5. Let c be m(5). What is the highest common divisor of c and g?
10
Let q = 97 - 55. What is the highest common divisor of 28 and q?
14
Let f be 30/4 - (-27)/18. Calculate the highest common divisor of 6 and f.
3
Let b be ((-7)/4)/(4/16). Let z = b - -9. What is the highest common factor of 2 and z?
2
Let o be 4*(-4 + 6/1). What is the greatest common factor of 32 and o?
8
Suppose -123 - 77 = -5*s. Calculate the greatest common factor of 30 and s.
10
Suppose 8 + 7 = 5*i. Suppose z - 2*z + 3*j + 100 = 0, i*j + 212 = 2*z. Suppose -h + 11 = -3. What is the greatest common factor of h and z?
14
Let q = 4 + -10. Let u be 2/q - (-244)/3. What is the greatest common divisor of 9 and u?
9
Let j be 1/(-4) + 3/12. Suppose s + 3*s - 5*a + 48 = 0, -2*a = j. Let m = s + 22. Calculate the highest common divisor of 2 and m.
2
Let t(f) = f**3 - f**2 - 2*f + 2. Let g be t(0). What is the greatest common factor of g and 16?
2
Suppose 4*z + 0*z - 468 = 0. What is the highest common factor of z and 13?
13
Let c(w) = -7*w + 38. Let r be c(0). Calculate the greatest common divisor of 95 and r.
19
Let y be (5 - 5) + 15/1. What is the highest common divisor of y and 25?
5
Suppose -21 - 4 = -b. Suppose -a - 15 = -q - 0*q, -5*a = 2*q + 5. Calculate the greatest common factor of b and q.
5
Let t(z) = 11*z**2 + z + 3. Let c be t(-3). Suppose s - 13 + 4 = 0. Let k be (s/(-1))/(2/(-2)). Calculate the highest common divisor of k and c.
9
Suppose -5*x - 17 = -2*w + 49, -4*x - 5*w = 33. Let c be 6/(-3*2/x). Calculate the highest common factor of 12 and c.
12
Suppose 716 - 226 = -5*j. Let n = -33 - j. Calculate the highest common factor of n and 26.
13
Let v(n) = -n**2 - 7*n - 1. Let o be v(-4). What is the greatest common factor of o and 44?
11
Let b(g) = g**3 - g. Let c be b(2). Calculate the highest common factor of c and 9.
3
Suppose -91 = 5*v - 1006. Let r = v + -113. Let z(b) = -b**3 - b**2 + 28. Let y be z(0). What is the greatest common divisor of r and y?
14
Let j(x) = 10*x + 1. Let t be j(1). Suppose 5*i + t + 24 = 5*u, -9 = -u - i. Calculate the highest common factor of u and 72.
8
Let o be (9/4)/(27/(-504)). Let a = 14 - o. Calculate the greatest common divisor of a and 140.
28
Let t(r) = 2*r**2 + 5*r. Let u be t(-5). Let q be 15/(-2)*(-30)/u. Let b = 222 - 150. What is the highest common divisor of q and b?
9
Let w(f) = 5*f**2 + 3*f - f**2 - 3 + 5. Let o be w(-3). What is the greatest common divisor of o and 87?
29
Suppose 4 + 24 = 4*u. Suppose -4*o - u = -5*x, 5*o = 5*x - 6 + 1. Suppose -12 = 2*h - x*h. What is the highest common factor of 36 and h?
12
Let c(i) = i**2 - 9*i + 3. Let a be c(9). Let s(l) = -l - 5. Let j be s(-10). Let q = j + -2. What is the highest common divisor of a and q?
3
Let b = 7 + -1. Let y(x) = -23*x + 2. Let t be y(-2). Let j = t + -18. What is the highest common divisor of j and b?
6
Let x(w) = w**3 - 4*w**2 - 8*w + 15. Let u be x(6). What is the greatest common factor of u and 26?
13
Let u(d) = d - 3. Let m be u(3). Let i(k) = k**3 - k**2 + 88. Let h be i(m). Calculate the greatest common divisor of h and 8.
8
Let q(l) = 4*l**2 - l + 2. Let f be q(1). Calculate the greatest common divisor of 5 and f.
5
Let x = 48 - 14. Calculate the highest common divisor of x and 85.
17
Suppose -3*i - 3*l + 139 = l, 4*l = 2*i - 106. Let d be 3/(-9)*0 + 2. Suppose -d*m + 7 + i = 0. What is the highest common divisor of m and 7?
7
Suppose -w = -5 + 2. Suppose 0 = 2*u + w - 7. What is the greatest common factor of 2 and u?
2
Let l be 1*(0 + 2/1). Suppose 24 = -3*q + 42. Let c be (36/q)/(l/3). Calculate the greatest common factor of 6 and c.
3
Let x(n) = -n**2 + 15*n - 11. Let d be